e
Is 19647838 a multiple of 10?
False
Is 1306 a factor of 156989092?
False
Is 12377946 a multiple of 253?
False
Is 85 a factor of 58369670?
True
Does 42 divide 8001126?
True
Does 16 divide 115563025?
False
Is 51 a factor of 215875908?
False
Is 25579152 a multiple of 408?
True
Is 5078007 a multiple of 202?
False
Is 4252010 a multiple of 70?
True
Is 63211984 a multiple of 148?
True
Does 59 divide 743707685?
True
Is 8 a factor of 1154506448?
True
Is 10 a factor of 2101368564?
False
Does 94 divide 2205777594?
False
Does 80 divide 11299151?
False
Does 333 divide 10798857?
True
Does 930 divide 36573180?
True
Is 43982592 a multiple of 384?
True
Is 9386718 a multiple of 6?
True
Is 7 a factor of 18872882?
True
Is 2254755083 a multiple of 493?
False
Is 188585739 a multiple of 122?
False
Is 40770364 a multiple of 17?
False
Does 11 divide 125186237?
True
Is 34 a factor of 122565478?
True
Is 1036575120 a multiple of 1640?
True
Is 265367436 a multiple of 956?
True
Is 4986 a factor of 1436232068?
False
Does 1517 divide 1319023915?
True
Is 11333278 a multiple of 18?
False
Is 4463365 a multiple of 31?
False
Is 268265393 a multiple of 3753?
False
Is 974739557 a multiple of 774?
False
Does 56 divide 2024223040?
True
Is 345395270 a multiple of 420?
False
Is 41687808 a multiple of 496?
True
Is 406139730 a multiple of 129?
True
Is 241 a factor of 14757411?
False
Does 559 divide 58295874?
True
Is 1983084393 a multiple of 1425?
False
Does 54 divide 25101408?
False
Is 13 a factor of 1685447543?
True
Does 2036 divide 17224560?
True
Does 4 divide 39535356?
True
Is 68389235 a multiple of 1403?
True
Is 1135581862 a multiple of 941?
True
Is 879514199 a multiple of 19?
True
Is 269 a factor of 11473580?
False
Does 304 divide 25062976?
True
Does 18 divide 665030724?
False
Is 7967 a factor of 1118025044?
True
Does 2867 divide 1790312249?
False
Is 44 a factor of 28820382?
False
Does 120 divide 3668773?
False
Is 251269170 a multiple of 10?
True
Does 110 divide 15612923?
False
Does 45 divide 518451275?
False
Is 484563640 a multiple of 590?
False
Is 654241286 a multiple of 4?
False
Is 149730498 a multiple of 656?
False
Is 8 a factor of 87091920?
True
Is 22804560 a multiple of 40?
True
Is 8 a factor of 276093144?
True
Is 84 a factor of 139179782?
False
Does 588 divide 8845284?
True
Does 32 divide 2169636876?
False
Is 6 a factor of 12165793?
False
Does 46 divide 48939630?
True
Is 11 a factor of 7187803?
False
Does 2 divide 1392577?
False
Is 613560721 a multiple of 15?
False
Is 5829 a factor of 897485301?
True
Is 41 a factor of 13128387?
False
Does 668 divide 758961090?
False
Does 272 divide 32601509?
False
Is 172 a factor of 207518000?
True
Does 13 divide 376833571?
False
Does 136 divide 835346185?
False
Does 4965 divide 1012646505?
True
Is 79 a factor of 82636183?
False
Is 33 a factor of 339250164?
True
Is 40286592 a multiple of 1387?
False
Is 722052702 a multiple of 2814?
True
Does 10 divide 521653666?
False
Is 2 a factor of 2274163?
False
Is 27007248 a multiple of 18?
False
Does 161 divide 17025106?
True
Is 34 a factor of 121121974?
True
Does 21 divide 46457817?
True
Is 135201960 a multiple of 135?
True
Does 1496 divide 3008865904?
True
Is 10920492 a multiple of 1308?
True
Does 4 divide 2317076?
True
Does 320 divide 546015911?
False
Does 742 divide 172367064?
False
Does 1432 divide 143304830?
False
Is 18 a factor of 19935396?
True
Is 503737904 a multiple of 148?
False
Is 11348404 a multiple of 22?
False
Is 985274789 a multiple of 383?
False
Is 13329422 a multiple of 131?
False
Is 27 a factor of 62557078?
False
Is 101 a factor of 12310763?
False
Does 19 divide 77932273?
False
Is 43 a factor of 357395403?
True
Is 49268350 a multiple of 10?
True
Does 96 divide 33569760?
True
Is 28 a factor of 56743120?
True
Does 277 divide 65328914?
False
Is 7302339 a multiple of 27?
True
Is 55832038 a multiple of 13?
False
Does 15 divide 1116049884?
False
Is 13431384 a multiple of 12?
True
Does 7 divide 1796118996?
True
Is 43 a factor of 102320745?
False
Does 7 divide 10408195?
True
Does 215 divide 99932033?
False
Does 8 divide 43430504?
True
Does 32 divide 65246112?
True
Does 1974 divide 119705419?
False
Does 20 divide 57638880?
True
Is 61 a factor of 11812574?
False
Does 9 divide 2608115603?
False
Does 635 divide 154599047?
False
Is 713472416 a multiple of 479?
True
Is 32793880 a multiple of 1211?
True
Is 11 a factor of 111894111?
False
Is 12929633 a multiple of 51?
False
Is 17 a factor of 33198670?
False
Is 78 a factor of 29728213?
False
Is 310650627 a multiple of 1861?
False
Is 3 a factor of 2455059?
True
Is 2424290292 a multiple of 516?
True
Is 2 a factor of 45187849?
False
Is 2249182341 a multiple of 1021?
True
Is 482538557 a multiple of 1024?
False
Is 11 a factor of 1361841414?
False
Is 69867010 a multiple of 224?
False
Is 10869831 a multiple of 63?
True
Does 54 divide 1569205764?
True
Does 824 divide 26394368?
True
Is 3 a factor of 22726202?
False
Does 4685 divide 264807393?
False
Is 7916055 a multiple of 21?
True
Does 7 divide 122120663?
True
Does 435 divide 991621993?
False
Is 142 a factor of 46741430?
True
Is 141457654 a multiple of 13?
True
Is 4 a factor of 95133936?
True
Is 961 a factor of 1182065557?
True
Does 340 divide 44492166?
False
Is 695377366 a multiple of 113?
True
Is 328 a factor of 54607125?
False
Is 3 a factor of 16201969?
False
Is 129 a factor of 15575718?
True
Does 137 divide 27344241?
True
Does 6178 divide 64053504?
True
Is 60352221 a multiple of 177?
True
Is 247243941 a multiple of 21?
True
Is 7 a factor of 10391845?
False
Is 373368037 a multiple of 22?
False
Is 1503069987 a multiple of 9663?
True
Is 1368914597 a multiple of 8895?
False
Does 8532 divide 602027771?
False
Does 78 divide 790218?
True
Is 825142167 a multiple of 2421?
True
Is 79612330 a multiple of 5?
True
Does 109 divide 440532874?
True
Is 1275 a factor of 3716826450?
True
Is 93899616 a multiple of 69?
True
Does 12 divide 1766340166?
False
Does 85 divide 73409992?
False
Does 762 divide 1496555?
False
Does 470 divide 39156612?
False
Is 718 a factor of 45227665?
False
Is 95 a factor of 32000439?
False
Is 213547422 a multiple of 227?
False
Is 4163965 a multiple of 11?
False
Is 33 a factor of 1021735375?
False
Does 49 divide 76635779?
False
Is 20365620 a multiple of 22?
True
Is 56115202 a multiple of 430?
False
Does 23 divide 7001073?
False
Does 11 divide 3591724928?
True
Is 89 a factor of 18558814?
True
Is 45298214 a multiple of 1109?
True
Does 4 divide 5562717?
False
Is 856296210 a multiple of 355?
True
Is 22832060 a multiple of 340?
False
Is 15 a factor of 10476225?
True
Is 25 a factor of 109073450?
True
Does 58 divide 21203618?
False
Does 129 divide 12384712?
False
Is 111 a factor of 67228755?
False
Is 40551420 a multiple of 28?
True
Is 12148565 a multiple of 65?
True
Is 86 a factor of 70603660?
False
Is 56909350 a multiple of 10?
True
Does 14 divide 8781257?
False
Is 141494727 a multiple of 11?
True
Does 63 divide 54902547?
True
Is 3 a factor of 10084077?
True
Is 1108367429 a multiple of 376?
False
Is 795907049 a multiple of 301?
False
Is 18090138 a multiple of 3?
True
Does 81 divide 101073825?
True
Is 1385112798 a multiple of 9?
True
Is 1129 a factor of 7180199?
False
Does 102 divide 21338126?
False
Is 802778475 a multiple of 88?
False
Is 64421661 a multiple of 1455?
False
Is 12118768 a multiple of 124?
True
Does 2716 divide 2387738808?
True
Is 862531693 a multiple of 31?
True
Is 6424026 a multiple of 2808?
False
Is 565609134 a multiple of 41?
False
Is 9415932 a multiple of 3?
True
Is 7180009 a multiple of 301?
False
Is 685 a factor of 4215344095?
True
Is 2876998 a multiple of 137?
False
Is 71383482 a multiple of 15?
False
Is 270512869 a multiple of 2129?
True
Is 750600696 a multiple of 12?
True
Does 118 divide 6154289?
False
Is 9 a factor of 1562541?
False
Is 241 a factor of 55747998?
False
Is 10 a factor of 20932202?
False
Is 73692817 a multiple of 434?
False
Is 4827043026 a multiple of 4706?
True
Is 13730440 a multiple of 11?
False
Is 1351577906 a multiple of 231?
False
Is 663524290 a multiple of 292?
False
Is 33427305 a multiple of 15?
True
Is 365215546 a multiple of 11?
False
Does 136 divide 42585052?
False
Is 10 a factor of 63001683?
False
Is 424227628 a multiple of 1574?
True
Is 287483341 a mu